[INFO] fetching crate skywalking 0.7.0...
[INFO] checking skywalking-0.7.0 against master#9610dfe5a9a731ced1ea4923ecbd0c57fe367898 for beta-170-4
[INFO] extracting crate skywalking 0.7.0 into /workspace/builds/worker-3-tc1/source
[INFO] validating manifest of crates.io crate skywalking 0.7.0 on toolchain 9610dfe5a9a731ced1ea4923ecbd0c57fe367898
[INFO] running `Command { std: CARGO_HOME="/workspace/cargo-home" RUSTUP_HOME="/workspace/rustup-home" "/workspace/cargo-home/bin/cargo" "+9610dfe5a9a731ced1ea4923ecbd0c57fe367898" "metadata" "--manifest-path" "Cargo.toml" "--no-deps", kill_on_drop: false }`
[INFO] removed /workspace/builds/worker-3-tc1/source/rust-toolchain.toml
[INFO] started tweaking crates.io crate skywalking 0.7.0
[INFO] removed 0 missing examples
[INFO] removed 0 missing tests
[INFO] finished tweaking crates.io crate skywalking 0.7.0
[INFO] tweaked toml for crates.io crate skywalking 0.7.0 written to /workspace/builds/worker-3-tc1/source/Cargo.toml
[INFO] crate crates.io crate skywalking 0.7.0 already has a lockfile, it will not be regenerated
[INFO] running `Command { std: CARGO_HOME="/workspace/cargo-home" RUSTUP_HOME="/workspace/rustup-home" "/workspace/cargo-home/bin/cargo" "+9610dfe5a9a731ced1ea4923ecbd0c57fe367898" "fetch" "--manifest-path" "Cargo.toml", kill_on_drop: false }`
[INFO] [stderr]     Updating crates.io index
[INFO] [stderr]  Downloading crates ...
[INFO] [stderr]   Downloaded prost-build v0.11.0
[INFO] [stderr]   Downloaded prost-types v0.11.0
[INFO] [stderr]   Downloaded rand v0.8.0
[INFO] [stderr]   Downloaded axum-core v0.2.0
[INFO] [stderr]   Downloaded tracing-futures v0.2.0
[INFO] [stderr]   Downloaded axum v0.5.0
[INFO] [stderr]   Downloaded num_threads v0.1.2
[INFO] [stderr]   Downloaded futures-sink v0.3.0
[INFO] [stderr]   Downloaded ntapi v0.3.0
[INFO] [stderr]   Downloaded prettyplease v0.1.0
[INFO] [stderr]   Downloaded minimal-lexical v0.1.2
[INFO] [stderr]   Downloaded systemstat v0.2.0
[INFO] [stderr]   Downloaded tower-http v0.2.1
[INFO] [stderr]   Downloaded portable-atomic v0.3.13
[INFO] [stderr]   Downloaded fuchsia-zircon-sys v0.3.1
[INFO] [stderr]   Downloaded tokio-io-timeout v1.0.1
[INFO] [stderr]   Downloaded try-lock v0.2.0
[INFO] [stderr]   Downloaded hyper-timeout v0.4.0
[INFO] [stderr]   Downloaded async-trait v0.1.43
[INFO] [stderr]   Downloaded anyhow v1.0.1
[INFO] [stderr]   Downloaded fuchsia-zircon v0.3.1
[INFO] [stderr]   Downloaded rand v0.4.1
[INFO] [stderr]   Downloaded either v1.0.0
[INFO] [stderr]   Downloaded redox_syscall v0.1.38
[INFO] [stderr]   Downloaded which v4.0.0
[INFO] [stderr]   Downloaded autotools v0.2.4
[INFO] [stderr]   Downloaded version_check v0.9.0
[INFO] [stderr]   Downloaded futures-channel v0.3.0
[INFO] [stderr]   Downloaded mio v0.8.1
[INFO] [stderr]   Downloaded quote v1.0.0
[INFO] [stderr]   Downloaded protobuf-src v1.0.5+3.19.3
[INFO] [stderr]   Downloaded arc-swap v0.4.0
[INFO] [stderr]   Downloaded remove_dir_all v0.5.0
[INFO] running `Command { std: "docker" "create" "-v" "/var/lib/crater-agent-workspace/builds/worker-3-tc1/target:/opt/rustwide/target:rw,Z" "-v" "/var/lib/crater-agent-workspace/builds/worker-3-tc1/source:/opt/rustwide/workdir:ro,Z" "-v" "/var/lib/crater-agent-workspace/cargo-home:/opt/rustwide/cargo-home:ro,Z" "-v" "/var/lib/crater-agent-workspace/rustup-home:/opt/rustwide/rustup-home:ro,Z" "-e" "SOURCE_DIR=/opt/rustwide/workdir" "-e" "CARGO_TARGET_DIR=/opt/rustwide/target" "-e" "CARGO_HOME=/opt/rustwide/cargo-home" "-e" "RUSTUP_HOME=/opt/rustwide/rustup-home" "-w" "/opt/rustwide/workdir" "-m" "1610612736" "--user" "0:0" "--network" "none" "ghcr.io/rust-lang/crates-build-env/linux@sha256:19e73879b68f455e41552ea35293514db52ea292d993f571636dbffedb77a1ee" "/opt/rustwide/cargo-home/bin/cargo" "+9610dfe5a9a731ced1ea4923ecbd0c57fe367898" "metadata" "--no-deps" "--format-version=1", kill_on_drop: false }`
[INFO] [stdout] 5ad5b078518eab3754565bf34936594297f55d2552c2abab40a656ce3e644149
[INFO] running `Command { std: "docker" "start" "-a" "5ad5b078518eab3754565bf34936594297f55d2552c2abab40a656ce3e644149", kill_on_drop: false }`
[INFO] running `Command { std: "docker" "inspect" "5ad5b078518eab3754565bf34936594297f55d2552c2abab40a656ce3e644149", kill_on_drop: false }`
[INFO] running `Command { std: "docker" "rm" "-f" "5ad5b078518eab3754565bf34936594297f55d2552c2abab40a656ce3e644149", kill_on_drop: false }`
[INFO] [stdout] 5ad5b078518eab3754565bf34936594297f55d2552c2abab40a656ce3e644149
[INFO] running `Command { std: "docker" "create" "-v" "/var/lib/crater-agent-workspace/builds/worker-3-tc1/target:/opt/rustwide/target:rw,Z" "-v" "/var/lib/crater-agent-workspace/builds/worker-3-tc1/source:/opt/rustwide/workdir:ro,Z" "-v" "/var/lib/crater-agent-workspace/cargo-home:/opt/rustwide/cargo-home:ro,Z" "-v" "/var/lib/crater-agent-workspace/rustup-home:/opt/rustwide/rustup-home:ro,Z" "-e" "SOURCE_DIR=/opt/rustwide/workdir" "-e" "CARGO_TARGET_DIR=/opt/rustwide/target" "-e" "CARGO_INCREMENTAL=0" "-e" "RUST_BACKTRACE=full" "-e" "RUSTFLAGS=--cap-lints=forbid" "-e" "RUSTDOCFLAGS=--cap-lints=forbid" "-e" "CARGO_HOME=/opt/rustwide/cargo-home" "-e" "RUSTUP_HOME=/opt/rustwide/rustup-home" "-w" "/opt/rustwide/workdir" "-m" "1610612736" "--user" "0:0" "--network" "none" "ghcr.io/rust-lang/crates-build-env/linux@sha256:19e73879b68f455e41552ea35293514db52ea292d993f571636dbffedb77a1ee" "/opt/rustwide/cargo-home/bin/cargo" "+9610dfe5a9a731ced1ea4923ecbd0c57fe367898" "check" "--frozen" "--all" "--all-targets" "--message-format=json", kill_on_drop: false }`
[INFO] [stdout] b5b95ede6eba3f5246f19d81f81519cb32b7a19ddcb73abdf06a3c419e486736
[INFO] running `Command { std: "docker" "start" "-a" "b5b95ede6eba3f5246f19d81f81519cb32b7a19ddcb73abdf06a3c419e486736", kill_on_drop: false }`
[INFO] [stderr]    Compiling proc-macro2 v1.0.32
[INFO] [stderr]    Compiling unicode-xid v0.2.0
[INFO] [stderr]    Compiling syn v1.0.90
[INFO] [stderr]    Compiling libc v0.2.114
[INFO] [stderr]     Checking bytes v1.2.1
[INFO] [stderr]    Compiling futures-core v0.3.21
[INFO] [stderr]    Compiling parking_lot_core v0.9.0
[INFO] [stderr]     Checking once_cell v1.14.0
[INFO] [stderr]    Compiling memchr v2.4.1
[INFO] [stderr]     Checking smallvec v1.6.1
[INFO] [stderr]     Checking lock_api v0.4.6
[INFO] [stderr]    Compiling tokio v1.20.1
[INFO] [stderr]     Checking arc-swap v0.4.0
[INFO] [stderr]    Compiling anyhow v1.0.1
[INFO] [stderr]    Compiling either v1.0.0
[INFO] [stderr]    Compiling futures-util v0.3.21
[INFO] [stderr]    Compiling getrandom v0.2.0
[INFO] [stderr]    Compiling itertools v0.10.0
[INFO] [stderr]     Checking tracing-core v0.1.29
[INFO] [stderr]    Compiling indexmap v1.6.2
[INFO] [stdout] error[E0407]: method `backtrace` is not a member of trait `StdError`
[INFO] [stdout]    --> /opt/rustwide/cargo-home/registry/src/index.crates.io-6f17d22bba15001f/anyhow-1.0.1/src/context.rs:136:5
[INFO] [stdout]     |
[INFO] [stdout] 136 | /     fn backtrace(&self) -> Option<&Backtrace> {
[INFO] [stdout] 137 | |         self.error.backtrace()
[INFO] [stdout] 138 | |     }
[INFO] [stdout]     | |_____^ not a member of trait `StdError`
[INFO] [stdout] 
[INFO] [stdout] 
[INFO] [stdout] error[E0407]: method `backtrace` is not a member of trait `StdError`
[INFO] [stdout]    --> /opt/rustwide/cargo-home/registry/src/index.crates.io-6f17d22bba15001f/anyhow-1.0.1/src/context.rs:150:5
[INFO] [stdout]     |
[INFO] [stdout] 150 | /     fn backtrace(&self) -> Option<&Backtrace> {
[INFO] [stdout] 151 | |         Some(self.error.backtrace())
[INFO] [stdout] 152 | |     }
[INFO] [stdout]     | |_____^ not a member of trait `StdError`
[INFO] [stdout] 
[INFO] [stdout] 
[INFO] [stderr]     Checking cfg-if v0.1.2
[INFO] [stderr]    Compiling quote v1.0.0
[INFO] [stdout] error[E0599]: no method named `backtrace` found for type parameter `E` in the current scope
[INFO] [stdout]    --> /opt/rustwide/cargo-home/registry/src/index.crates.io-6f17d22bba15001f/anyhow-1.0.1/src/context.rs:137:20
[INFO] [stdout]     |
[INFO] [stdout] 130 | impl<E, C> StdError for ContextError<E, C>
[INFO] [stdout]     |      - method `backtrace` not found for this type parameter
[INFO] [stdout] ...
[INFO] [stdout] 137 |         self.error.backtrace()
[INFO] [stdout]     |                    ^^^^^^^^^ method not found in `E`
[INFO] [stdout] 
[INFO] [stdout] 
[INFO] [stdout] error[E0599]: no method named `backtrace` found for type parameter `E` in the current scope
[INFO] [stdout]   --> /opt/rustwide/cargo-home/registry/src/index.crates.io-6f17d22bba15001f/anyhow-1.0.1/src/error.rs:41:37
[INFO] [stdout]    |
[INFO] [stdout] 34 |     pub fn new<E>(error: E) -> Self
[INFO] [stdout]    |                - method `backtrace` not found for this type parameter
[INFO] [stdout] ...
[INFO] [stdout] 41 |         let backtrace = match error.backtrace() {
[INFO] [stdout]    |                                     ^^^^^^^^^ method not found in `E`
[INFO] [stdout] 
[INFO] [stdout] 
[INFO] [stderr]     Checking itoa v0.4.1
[INFO] [stdout] error[E0599]: no method named `backtrace` found for reference `&(dyn std::error::Error + Send + Sync + 'static)` in the current scope
[INFO] [stdout]    --> /opt/rustwide/cargo-home/registry/src/index.crates.io-6f17d22bba15001f/anyhow-1.0.1/src/error.rs:159:44
[INFO] [stdout]     |
[INFO] [stdout] 159 |             .or_else(|| self.inner.error().backtrace())
[INFO] [stdout]     |                                            ^^^^^^^^^ method not found in `&dyn Error + Send + Sync`
[INFO] [stdout] 
[INFO] [stdout] 
[INFO] [stdout] error: aborting due to 5 previous errors
[INFO] [stdout] 
[INFO] [stdout] 
[INFO] [stdout] Some errors have detailed explanations: E0407, E0599.
[INFO] [stdout] 
[INFO] [stdout] For more information about an error, try `rustc --explain E0407`.
[INFO] [stdout] 
[INFO] [stderr] error: could not compile `anyhow` (lib) due to 6 previous errors
[INFO] [stderr] warning: build failed, waiting for other jobs to finish...
[INFO] running `Command { std: "docker" "inspect" "b5b95ede6eba3f5246f19d81f81519cb32b7a19ddcb73abdf06a3c419e486736", kill_on_drop: false }`
[INFO] running `Command { std: "docker" "rm" "-f" "b5b95ede6eba3f5246f19d81f81519cb32b7a19ddcb73abdf06a3c419e486736", kill_on_drop: false }`
[INFO] [stdout] b5b95ede6eba3f5246f19d81f81519cb32b7a19ddcb73abdf06a3c419e486736
